posite?
False
Let g be 22/6 - (-15)/45. Suppose 3*i + 8*a - 20 = 3*a, 4*a - 16 = -g*i. Suppose -2*j - 4*z + 2*z = -110, i = -4*j - z + 220. Is j a prime number?
False
Let w(k) = k + 17. Let a be w(-14). Suppose a - 9 = -r. Suppose -v = -r*v + 395. Is v prime?
True
Let s = -126 - -302. Let f = s + -121. Suppose 0*k - f = -k. Is k composite?
True
Let l = 2269 + -66. Is l a prime number?
True
Let w be 2 + -1 + 6 + -5. Suppose -2*m + 54 = 2*n, m - 2*n + 29 = w*m. Is m composite?
True
Let w be 4*(451/4)/((-5)/(-40)). Is ((-5)/2)/5*2 + w a prime number?
True
Let j be (-6*(-4)/(-20))/((-3)/10). Is (-3 - -2)/(j/(-1292)) composite?
True
Let q be ((-4)/6)/(2/(-6)). Suppose 0 = q*d + 9 - 25. Suppose d*z - 3*z = 265. Is z a prime number?
True
Let k(x) be the second derivative of -x**5/20 + x**3/3 + 521*x**2/2 - 9*x. Is k(0) prime?
True
Suppose -50*n = -38*n - 739356. Is n composite?
False
Suppose -5*m + 24 = -0*m + 2*p, 0 = 5*m - 5*p - 10. Suppose -3*a = 2*t - 3355, m*t - 3206 = -2*a + 3524. Is t a composite number?
True
Let o(n) = -373*n**3 - 2*n**2 - 2*n - 3. Let c be o(-2). Suppose 3*r - c = 956. Is r/7 + 14/(-49) composite?
True
Suppose -5*p = -17*p + 1644. Suppose -b - 5*v + 198 = 0, b = v + p + 91. Is b a composite number?
False
Let a be (-2)/4*0 - -13. Suppose 9 = -16*d + a*d. Let n(s) = -51*s + 4. Is n(d) a prime number?
True
Let y be (-2)/5 - (-8)/20. Suppose 0 = -5*n + k + 3 + 9, 4*n + 4*k = y. Is n*422/12*3 prime?
True
Let q(s) = s**3 - 7*s - 6. Let i be q(10). Let l = i + -529. Is l prime?
False
Let u = 2653 - 1176. Is u prime?
False
Suppose p - 5*i - 3 = 19, 3*p + 5*i = -14. Suppose -4*t + 0*q + 33 = -3*q, 2*q + p = t. Is t/3 + (367 - -2) prime?
True
Suppose -3*t - t = 5*k + 48, 3*k - t + 22 = 0. Is ((-4)/k*-2174)/(-1) a prime number?
True
Suppose -c - 6 = 4*n, -5*c + 2 = -3*n + 9. Is ((-2195)/(-25))/(n/(-5)) composite?
False
Suppose 5*o + 51 = 181. Let n = 27 - o. Is ((-9)/18)/(n/(-710)) a prime number?
False
Let l(g) = g**3 + 2*g**2 - g + 4. Let m be l(-3). Is (-3)/m + 103272/48 a composite number?
False
Let u(t) = -8*t + 5*t**2 - t**2 + 3 - 5*t**2. Let i be u(-8). Suppose i*c - 98 = c. Is c prime?
False
Suppose 0 = 13*d + 24681 - 62524. Is d a composite number?
True
Let p be (-3 - -1 - -21)*-3. Is (-33478)/p - (-2 + (-7)/(-3)) prime?
True
Suppose 389735 = 27*m - 4*m. Is m composite?
True
Let c(l) = -4*l + 2*l**3 + 8*l**2 - 3*l**3 - 13*l**2 - 2*l**3. Let s be c(-3). Let v = 79 - s. Is v a composite number?
False
Suppose 3*n + 37793 = 5*v - 0*n, -3*n - 7549 = -v. Is v a prime number?
True
Suppose 0 = -4*s - 3*v + 629, 0 = -0*s + 3*s + 3*v - 474. Let t = s + -81. Is t prime?
False
Suppose 3*t - 2*i = 1714, 2*t + 2*i - 1160 = -i. Suppose 17*h = 15*h + t. Is h prime?
False
Let k be 33/((-2)/2770*(-30)/4). Let c = -3639 + k. Is c a prime number?
False
Suppose 5*p = p. Let b be (0/2)/(p + 1). Suppose b = -3*a - a + 124. Is a a prime number?
True
Suppose -5*t + 1269 = -m - 1392, 4*t - 5*m - 2133 = 0. Let k = t - -103. Is k a prime number?
False
Suppose -4249 = -3*t - 3*k - 1375, -3*t + 2864 = 5*k. Suppose -2*c + c + 171 = 5*f, 0 = 5*c - 2*f - t. Is c a composite number?
False
Suppose 0 = -k + 2*o - 112, 2*o + 100 = -2*k - 112. Let z = -261 - k. Let f = -44 - z. Is f a composite number?
False
Let i = 35 + 1622. Is i a prime number?
True
Let s(q) = 58*q**2 - 20*q - 65. Is s(-4) a composite number?
True
Let a be -24*1/(-3)*5/5. Suppose -a*n + 51 = -1637. Is n a composite number?
False
Is 1158 - -1 - (-10 + 6) composite?
False
Suppose 4*o = 3*o - 2. Is -2877*(o/(-6))/(-1) a composite number?
True
Suppose 4*d - 25 = -5, -3*d + 19970 = 5*i. Is i composite?
True
Suppose 3 = -2*q - 1. Let g be -428 + 1 - (q + -1). Let t = g - -603. Is t a composite number?
False
Let y = -7 + 6. Let b be y - (0 - 2) - -2. Suppose b*l - 125 = -2*l. Is l prime?
False
Let b(h) = -h + 10. Let p be b(6). Suppose f - 2*j - 3*j - 10 = 0, -f = -p*j - 7. Is ((-521)/(-3))/(f/(-15)) prime?
True
Let d = 17390 + -27224. Let f = -4011 - d. Is 2/((-6)/f*-3) a composite number?
False
Let f(k) = 2*k - 8. Let d be f(8). Let j = 10 - d. Suppose j*l - 45 = 21. Is l prime?
False
Suppose 21*h - 568327 = 1126772. Is h prime?
False
Is (-103995)/(-63) - (-20)/70 prime?
False
Suppose 20*v = 3*v + 7174. Is v a prime number?
False
Let v be ((-2)/8)/(4/(-48)). Suppose -v*z - 5*t + 2 = -5, 2*t = -4*z + 28. Suppose z*i - 88 = 5*i. Is i a prime number?
False
Let a(d) = -d**2 + d + 1. Let n(j) = -13*j**2 + 9*j + 12. Let w(t) = -a(t) - n(t). Is w(9) composite?
False
Let x = 74 - -1517. Let d = x + 316. Is d composite?
False
Suppose 18*x + 2*x = 934460. Is x composite?
False
Let v be 2/3*(-2694)/(-4). Let t = v - 171. Let s = 243 + t. Is s prime?
True
Suppose 4*f + 6 - 2 = 0. Let m(n) = 171*n**3 - 1. Let o be m(f). Let b = o + 363. Is b a composite number?
False
Let h(i) = -64*i + 2. Let v = 1 - 4. Let g be h(v). Suppose -2*q + 0*q = -g. Is q a prime number?
True
Suppose 19085 = 4*a + 7*a. Is a a prime number?
False
Is ((-1432)/12)/((-3)/(-342)*-4) a prime number?
False
Let c(x) = x**3 + 25*x**2 - 40*x + 25. Is c(-24) composite?
True
Let u = 5089 + -1577. Suppose 2*z + 214 = u. Is z a prime number?
False
Suppose -9*b + 209460 = 21*b. Is b prime?
False
Suppose 3993 = -19*p + 36920. Is p composite?
False
Let g be (-1)/(3/6) - 5. Let x(b) = -4*b**3 - 8*b**2 - 9*b - 14. Let s be x(g). Is (-3 - -1) + s/3 a prime number?
False
Let l be (1 - -2)/(9/(-156)). Is (9402/8)/((-39)/l) prime?
True
Let c(i) = i**3 - 3 + 5*i**2 + 3 + 5*i + 6. Let l be c(-4). Suppose 3*u - 5*j = 640, 3*u + l*u = -3*j + 1078. Is u composite?
True
Let j be 3 + -2 + (-234)/(-1). Let o be 488/2*(-1)/2. Let h = o + j. Is h prime?
True
Let y(p) = 134*p**3 + p**2 - 1. Let s be y(1). Let z = -1 + s. Let n = z - 54. Is n a composite number?
False
Suppose t + 0*t = 0. Let a(w) be the first derivative of -w**2/2 + 91*w + 11. Is a(t) a composite number?
True
Let s(l) = 1. Let v(b) = 3*b - 13. Let i(q) = 2*s(q) + v(q). Let g be i(5). Is 0 - ((-224 - 3) + g) a prime number?
True
Let m = -4 - -4. Suppose 0 = -7*a - m*a + 1414. Is a a composite number?
True
Let t be 388 + (-3)/((-6)/(-4)). Let p = t + -227. Is p a composite number?
True
Let q = 66 + -71. Let u(a) = 4*a**2 - 6*a**2 - 6 + 4*a**2 + a. Is u(q) composite?
True
Let r be (2 - 20/12)*-339. Let f = -4 - r. Is f prime?
True
Let n(l) = -l**3 - 4*l**2 - 2*l - 6. Let p be n(-4). Suppose -4*k + 646 - 114 = p*u, -2*u + 556 = -2*k. Is u a composite number?
True
Is (-5260)/(-6)*-9*3/(-18) a prime number?
False
Is (3/(23 + -17))/((-1)/(-662)) composite?
False
Let o = 577 + -129. Suppose -3*q - 118 = -649. Suppose j + q = 2*n, 0*j + o = 5*n + 3*j. Is n a composite number?
False
Let z = 58 - 275. Let d = 454 + z. Is d a prime number?
False
Let v = -56 - -60. Suppose 3441 = 3*n - v*q, n + 2*n - 3447 = 2*q. Is n a prime number?
True
Let m = -261 - -314. Is m prime?
True
Is ((-1)/1)/((-14)/188482) a prime number?
True
Suppose 0 = -0*x - 2*x + 1464. Let r = 221 + x. Is r composite?
False
Let n = 196602 - 86647. Is n composite?
True
Suppose -4*j = -4*q + 43808, -3*q + 10611 = -2*j - 22242. Is q a composite number?
False
Suppose -7 = c - 24. Let l(u) = 7*u**2 + 31*u - 17. Is l(c) a composite number?
True
Is (2 - (-8)/(-2)) + (2 - -1345) a prime number?
False
Is (-3)/3*3*(-91855)/15 composite?
False
Suppose -a = o - 881, -8*o - 4*a - 2615 = -11*o. Is o composite?
False
Let q = 370 - 243. Let m = 58 + q. Is m a prime number?
False
Let d = 24 - 20. Suppose d*j = 8*j - 60. Is j prime?
False
Suppose 2*j = 414 + 2928. Suppose 0 = -4*r - 12, -3*r - 2745 = -3*k + j. Is k prime?
False
Is (-8 - 208425/(-18))*2*3 a prime number?
True
Let k(t) = -2*t + t + 2*t + 3 - 2. Let o(b) = 41*b + 3. Let d(p) = 4*k(p) + o(p). Is d(20) prime?
True
Let z be (5 + -3 + 0)*(-2486)/(-4). Suppose 164 = -y + z. Is y a prime number?
False
Suppose 0 = 2*o - 3*q - 11939, -25*o - 29860 = -30*o - 5*q. Is o composite?
True
Suppose -4*r - 7 - 3 = 2*j, -2*j - 3*r = 8. Is (-133)/j + 0/5 + 1 prime?
False
Is (-7617)/(-5) + 4/(-10) composite?
False
Suppose -4*m = 5*y - 872, -2*m + 490 = -3*y + 32. Let o = 546 + m. Is o composite?
False
Let g(n) = 2736*n - 15. Is g(1) composite?
True
Let r(s) = 18*s**3 + 80*s**2 - 4*s - 47. Is r(10) composite?
False
Let